2*g**2 + 2*g - g**v + 1/4*g**4 - 4. What is y(3)?
-1
Let h(x) = -x**3 - x**2 + 7*x + 1. Let a = -16 + 13. Let u be h(a). Let l(o) = 2*o**2 + 4*o. Let m(p) = 3*p**2 + 4*p + 1. Let b(f) = 2*l(f) - 3*m(f). Give b(u).
-15
Let d(y) = -7*y**2 + 0 + 5*y + y**3 + 3 + 3 - 4. Let i be ((-134)/(-134))/(2/12 - 0). Calculate d(i).
-4
Suppose -2 = -n - y + 7, 3*y + 18 = 2*n. Let w(m) = -3*m + 13. Give w(n).
-14
Suppose 35 = -5*h + 12*h. Let x(f) = f**2 + 7*f - 1. Let j(l) = l**2 + l. Let a(b) = -2*j(b) + x(b). Calculate a(h).
-1
Let i = 15 - 1. Let p = -19 + i. Let q = p + 11. Let a(o) = o**2 - 5*o + 1. Give a(q).
7
Let l(p) = -p**3 + 3*p**2 + 2*p - 1. Suppose 3*j - 34 + 1 = 0. Suppose 0 = -j*s + 49 - 16. Give l(s).
5
Let l = -9 + 12. Let x(w) = w**2 - 5*w - 1. Let m be x(l). Let a be (7/m)/(3/(-6)). Let u(b) = -4*b + 1. Give u(a).
-7
Let s(y) be the second derivative of -y**4/12 - y**3/2 - 275*y. Calculate s(0).
0
Suppose 5*z = 3*c - 39, -c + 43 = -z + 34. Let s(w) = -w**3 - 7*w**2 - 8*w - 7. Calculate s(z).
5
Let v be (-3)/6 - ((-10)/4 + 1). Let t(p) = 19*p**3 - p**2 + 7*p - 6. Let f(i) = -i**3 - i + 1. Let z(l) = v*t(l) + 5*f(l). What is z(1)?
14
Let m(o) be the third derivative of 5*o**4/24 + o**3/3 + 12*o**2. Let r be m(-1). Let t(i) = i**2 + 3*i - 3. Calculate t(r).
-3
Let k(d) = 380 - d - 181 - 191. Calculate k(6).
2
Let c(p) be the second derivative of -p**3/2 + p**2/2 + 3*p + 15. Calculate c(2).
-5
Let n be (-36)/(-48)*(3 - -1). Let h = -10 + 11. Let s(l) = -l**2 - 4. Let r(z) = z + 1. Let u(y) = h*s(y) + 4*r(y). Calculate u(n).
3
Let i = -14 - -20. Suppose -5*o = -150 + 135. Let k(a) = a**o - 1 + i*a + 0 + 7*a**2 + 0*a**3. Give k(-6).
-1
Let h(q) = q - 8. Let p be -1 + -1 + 1 - -13. Let s(x) = -5*x**3 + 4*x**3 + x + x**2 + p - 6. Let j be s(0). Give h(j).
-2
Let a = 1 - 1. Suppose -v + 6 = -a. Suppose 5 = -v*j + j. Let d(u) = -7*u**2 + 2*u + 1. Give d(j).
-8
Let r(p) = -2*p - 9. Suppose 0 - 6 = -2*n. Suppose 0 = -4*v + 3*l - 12, n*l + 6 = 5*v - 4*v. What is r(v)?
3
Let z be (-3)/(-6)*2*2. Let j(u) = z*u + 10*u + u**3 - 6*u + 10 - 9*u**2. Suppose 5*w = -c + 2*c + 44, 3*w = -5*c + 4. What is j(w)?
-6
Let j(p) = -9*p - 26. Let k(s) = 10*s + 36. Let b(d) = -5*j(d) - 4*k(d). Determine b(2).
-4
Let h = 52 + -48. Let v(r) = 360*r + h - r**2 - 28 - 361*r. Determine v(0).
-24
Let d = 56 - 53. Let u(f) = -f**3 + 4*f**2 - 5*f + 3. What is u(d)?
-3
Let u(c) = -c**2 + c. Let t(b) = -3*b**2 + 6*b + 8. Let h(n) = -t(n) + 2*u(n). Give h(7).
13
Let q be (-3)/6 + 30/12. Suppose q*h - 4*i - 6 = 0, 5*h + 4*i - 24 = h. Let r(g) = -g**2 + 6*g - 2. Calculate r(h).
3
Let z be 4/38 + (-52)/494. Let s(f) be the second derivative of -1/20*f**5 + 2*f + z - f**2 + 0*f**3 - 1/4*f**4. Determine s(-3).
-2
Let m be (4/(-16))/(-2*1/24). Let o(d) = -d**3 - 24*d**2 + 1 + 23*d**2 + 5*d**m. What is o(1)?
4
Let x(a) be the second derivative of a**5/60 - a**4/24 - a**3/2 + 17*a**2 + 24*a. Let z(t) be the first derivative of x(t). Determine z(3).
3
Let f(p) = p**3 - 37*p**2 - 77*p - 39. Let m be f(39). Let r(w) = 2*w - 4. Calculate r(m).
-4
Let b be (-52)/(-6) + 7/21. Let g(y) = y**3 - 10*y**2 + 8*y - 3. Give g(b).
-12
Let r = -90 - -86. Let q(y) = -2 + 0 - y - 2*y - 11. Let d be q(r). Let m(k) = -2*k**3 + k**2 + k + 1. Give m(d).
3
Suppose -5*u = 2*k - 33, -3*k - u = -5*u + 8. Let m(p) = 5 + k - 2 - 8 + 19*p. Determine m(-1).
-20
Let u = -30 + 50. Suppose -u*f - 15 = -17*f. Let t(v) = v**3 + 5*v**2 + 6. What is t(f)?
6
Let m(t) = -t**3 + 6*t**2 - 5*t - 5. Suppose -84*r = 114 - 534. What is m(r)?
-5
Let f(u) = -3*u + 1. Let h(p) = 3*p - 1. Let m(t) = 4*f(t) + 3*h(t). Let c be (-2 - 105/(-12)) + 24/(-32). Suppose 9*n + 12 + c = 0. What is m(n)?
7
Let s(v) be the first derivative of v**3/3 - v**2 - 2*v - 31. Let u(d) = d**3 - 4*d**2 + 2*d. Let h be u(3). What is s(h)?
13
Suppose -4*k - 20 = -32. Let h(l) = 0*l**3 - k*l + l**2 - l**3 + 3*l**2 + l. What is h(4)?
-8
Let l(q) = -q**3 - 4*q**2 - 7*q - 3. Let i be l(-3). Let m(g) be the third derivative of -1/3*g**3 + 0 + 0*g + 1/24*g**4 - i*g**2. Calculate m(-2).
-4
Let x(q) be the third derivative of -q**6/120 + q**5/12 + q**4/12 + 2*q**3/3 - q**2. Suppose 14 = 27*m - 148. Give x(m).
-20
Let f(a) = -5*a - 46. Let l(k) = 24*k + 229. Let d(y) = 11*f(y) + 2*l(y). Let i be d(-8). Let q(t) = -t**2 + 9*t - 11. What is q(i)?
-3
Let q be 2468/6 - (-13)/(273/14). Let x(r) = -q + 412 - 4*r**3 - r**3. Let j be (1/(-2))/(2/4). What is x(j)?
5
Let c(a) = -4*a + 6. Suppose -2*x = -3*x + 7. Suppose -x = -4*g + 9. What is c(g)?
-10
Suppose 5*i = -0*i + 395. Suppose 50 + i = 3*a. Let o(c) = 42*c - 9 - a*c + 4. What is o(0)?
-5
Let q(u) = u - 6. Let h(m) = -m. Let z(x) = 2*h(x) + q(x). Let t = -15 - -8. Give z(t).
1
Let d(w) = -w**2 - 8*w - 6. Let l be (4/(-4 - 4))/((-5)/(-90)). Give d(l).
-15
Let d(i) be the first derivative of i**3/3 + 9*i**2/2 - 2*i - 389. Calculate d(-6).
-20
Let d(n) = -n**3 + 5*n**2 - 6*n + 4. Let z = -7 + 15. Suppose -15 = -z*k + 17. Give d(k).
-4
Let b(y) be the second derivative of 7*y**5/20 + y**3/6 - y**2/2 - 2*y + 7. Calculate b(1).
7
Let y(d) = 9*d + 1. Let c(r) = 4*r + 10. Let m be c(0). Let j be -1*m/(-5) + -1. Give y(j).
10
Let y(r) = -r + 9. Let o be y(15). Let a(i) = i**2 + 8*i - 5. What is a(o)?
-17
Let b = 960 - 965. Let m(w) = 9*w + 47. Give m(b).
2
Let h(x) = -x - 6. Let u be (48/(-60) - (-4)/5)/(-3). Suppose u = i + 2*i. What is h(i)?
-6
Let x be ((-1 - -2) + -1)/(-1). Let q(u) = 14*u - 18*u + 0*u**2 - 14 - 6*u**2. Let g(c) = 7*c**2 + 5*c + 15. Let r(n) = -5*g(n) - 6*q(n). Calculate r(x).
9
Let w(b) = 2*b - 2. Suppose 0*p - 138 = -23*p. Give w(p).
10
Let k(l) = -2*l - 5. Let w(f) = 2*f + 5. Suppose -9 = -2*g + 4*s + 9, 0 = 5*g + s - 12. Let m(q) = g*k(q) + 4*w(q). Determine m(-4).
-3
Let n(j) be the second derivative of -j**4/12 - 7*j**3/6 - 11*j. Suppose 9 = -2*c - p, -15 = c + 4*p - 7*p. Give n(c).
6
Let g(q) = 3 + 12*q + 12*q**3 - 12*q - 10*q**2 - 13*q**3 + 11*q. Calculate g(-11).
3
Let q(i) = i**2 + 5*i + 1. Let n be q(-5). Let m be (0/(1 + -4))/n. Suppose 5*z + m = -k - 4, 16 = -3*z - 4*k. Let s(x) = -x**2 + 2. Give s(z).
2
Let z(f) be the first derivative of f**3 - 6*f**2 + 5*f - 132. Give z(5).
20
Let o(d) = -13*d**3 - 5*d**2 + 2*d - 1. Let a(j) = -39*j**3 - 14*j**2 + 6*j - 3. Let r(z) = -3*a(z) + 8*o(z). Give r(1).
14
Let h(d) = d**2 - 5*d + 1. Suppose 7 = 2*p + a, 4*a - 2 = -4*p + 6*a. Suppose 4*j - 36 = 4*n, -p*j - j = -n - 17. What is h(j)?
-3
Let n(r) = -3*r + 10. Let o = 334 + -327. Determine n(o).
-11
Let d(w) be the second derivative of w**3/2 + w**2/2 + 4*w + 28. What is d(3)?
10
Suppose -4*u + 16 = 4*c, -u + 10 = 6*c - 7*c. Suppose -2*a = 2*a - 16. Let g(r) = -5 + 3*r**2 - 4*r - a*r**2 + 3. Give g(c).
1
Let r(i) = -2*i - 66*i**3 + 63*i**3 - 7*i**2 + 5 + 2*i**3. Determine r(-6).
-19
Suppose 0*a + 3*a = -30. Let b(t) = t**2 + 9*t + 7. Let h be b(a). Let i = -15 + h. Let y(q) = q**3 - 3*q**2 + 2*q - 2. Calculate y(i).
-2
Suppose 0 = -4*f + 2*s + 16, 5*f - 29 = 9*s - 11*s. Let m(u) = 2*u - 3. Calculate m(f).
7
Let g(y) = -2*y**2 + 25*y - 5. Let r(b) = -4*b**2 + 52*b - 14. Let t(v) = -5*g(v) + 2*r(v). What is t(11)?
8
Let p(b) = b**2 + 3*b. Let x be p(-4). Let z be x/6 - 4/(-12). Let m(u) be the first derivative of -u**4/4 + u**3/3 + u**2/2 - u + 93. Determine m(z).
0
Suppose -13 - 3 = -2*u. Let k(z) = -z**3 + 9*z**2 - 2*z - 8. Calculate k(u).
40
Let n(w) be the second derivative of 1/24*w**4 - 1/60*w**5 + 0 + 5*w + 2*w**2 + 1/2*w**3. Let l(p) be the first derivative of n(p). Determine l(3).
-3
Let f(y) = 2*y**2 + y + 2. Let d(w) = -3*w**2 - w - 3. Let i(a) = -3*d(a) - 4*f(a). Let v(m) = 5*m - 2 + 2*m**2 + 3*m - 3 - 3*m**2. Let c be v(7). Give i(c).
3
Let m(r) = -r - 2. Let l(i) = 7*i. Let f(b) = -l(b) - 6*m(b). Determine f(4).
8
Let j(u) = u + 1. Let z = -79 + 80. Let v(q) = -5*q - 4. Let h(s) = z*v(s) + 4*j(s). Calculate h(6).
-6
Suppose 35 = -4*i + 39. Suppose 6*y + i = 7. Let p(l) = -5*l**2. Give p(y).
-5
Let u(r) = 6*r**2 - 10*r + 7. Let x(n) = n**3 - 17*n**2 - 17*n - 17. Let h be x(18). Let v(k) = k**2 - k + 1. Let y(t) = h*u(t) - 5*v(t). Calculate y(6).
8
Let p(j) be the third derivative of j**9/60480 + j**8/2880 + j**7/840 - j**6/90 + j**5/12 - 4*j**2. Let h(c) be the third derivative of p(c). Det